{"id":595,"date":"2020-03-11T18:08:04","date_gmt":"2020-03-11T18:08:04","guid":{"rendered":"http:\/\/nowa.swmikolaj.org\/?page_id=595"},"modified":"2025-09-09T09:12:09","modified_gmt":"2025-09-09T08:12:09","slug":"zupa-chylonska","status":"publish","type":"page","link":"https:\/\/swmikolaj.org\/index.php\/zupa-chylonska\/","title":{"rendered":"Zupa Chylo\u0144ska"},"content":{"rendered":"\n<p>* Od 9 grudnia 2017 r. rozpocz\u0119\u0142a si\u0119 inicjatywa wsp\u00f3lnego jedzenia zupy wraz z ubogimi. Inicjatorzy, to ludzie z r\u00f3\u017cnych \u015brodowisk i wsp\u00f3lnot.&nbsp; Zapraszamy do wsp\u00f3\u0142pracy wszystkich, kt\u00f3rzy chc\u0105 wej\u015b\u0107 w postaw\u0119 s\u0142u\u017cby i do\u015bwiadczy\u0107 rado\u015bci bycia z drugim cz\u0142owiekiem.<\/p>\n\n\n\n<p>* Gotujemy zazwyczaj w pi\u0105tki wieczorem. Je\u015bli chcesz do nas do\u0142\u0105czy\u0107, to przyjd\u017a w sobot\u0119 pod ko\u015bci\u00f3\u0142 \u015bw. Miko\u0142aja od strony ulicy M\u0142y\u0144skiej. Zup\u0119 wydajemy w ka\u017cd\u0105 sobote, bez wzgledu na pogod\u0119 czy wakacje, o godzinie 15:00.<\/p>\n\n\n\n<p>Od czasu pandemii (pocz\u0105tek kwietnia 2022 r.)  podj\u0119li\u015bmy akcj\u0119 \u015brodowej Zupy Chylonskiej o 15:00, a od  pocz\u0105tku pa\u017adziernika 2024  roku dzielimy si\u0119 z ubogimi obiadem w ka\u017cdy poniedzia\u0142ek. <br><\/p>\n\n\n\n<figure class=\"wp-block-embed is-type-video is-provider-youtube wp-block-embed-youtube wp-embed-aspect-16-9 wp-has-aspect-ratio\"><div class=\"wp-block-embed__wrapper\">\n<iframe loading=\"lazy\" title=\"Zupa Chylo\u0144ska\" width=\"676\" height=\"380\" src=\"https:\/\/www.youtube.com\/embed\/-QzxnFRZxTk?feature=oembed\" frameborder=\"0\" allow=\"accelerometer; autoplay; clipboard-write; encrypted-media; gyroscope; picture-in-picture; web-share\" referrerpolicy=\"strict-origin-when-cross-origin\" allowfullscreen><\/iframe>\n<\/div><\/figure>\n\n\n\n<p>* Mo\u017cesz nas wesprze\u0107 wp\u0142acaj\u0105c wsparcie na konto &nbsp;PZ Caritas z dopiskiem &#8222;Zupa Chylo\u0144ska&#8221; lub poprzez skarbonk\u0119 w dolnym ko\u015bciele.<br>Numer konta Parafialnego Zespo\u0142u Caritas: Bank Pekao 13 1240 5354 1111 0010 9124 3143&nbsp;&nbsp;<\/p>\n\n\n\n<p>* Znajd\u017a nas tak\u017ce na facebooku&nbsp;&nbsp;<a href=\"https:\/\/www.facebook.com\/zupachylonska\/?pnref=lhc\">https:\/\/www.facebook.com\/zupachylonska\/?pnref=lhc<\/a><\/p>\n\n\n\n<p>*&nbsp;&nbsp;Polecamy ciekawy reporta\u017c o naszej inicjatywie&nbsp;<a href=\"https:\/\/www.trojmiasto.pl\/wiadomosci\/W-Chyloni-rozdaja-zupe-potrzebujacym-n130192.html?strona=6#opinie\">https:\/\/www.trojmiasto.pl\/wiadomosci\/W-Chyloni-rozdaja-zupe-potrzebujacym-n130192.html?strona=6#opinie<\/a><\/p>\n\n\n\n<figure class=\"wp-block-image\"><img decoding=\"async\" loading=\"lazy\" width=\"1024\" height=\"683\" src=\"http:\/\/swmikolaj.org\/wp-content\/uploads\/2020\/04\/Zupa_Chylo\u0144ska-1024x683.jpg\" alt=\"\" class=\"wp-image-1931\" srcset=\"https:\/\/swmikolaj.org\/wp-content\/uploads\/2020\/04\/Zupa_Chylo\u0144ska-1024x683.jpg 1024w, https:\/\/swmikolaj.org\/wp-content\/uploads\/2020\/04\/Zupa_Chylo\u0144ska-300x200.jpg 300w, https:\/\/swmikolaj.org\/wp-content\/uploads\/2020\/04\/Zupa_Chylo\u0144ska-768x512.jpg 768w, https:\/\/swmikolaj.org\/wp-content\/uploads\/2020\/04\/Zupa_Chylo\u0144ska-676x451.jpg 676w, https:\/\/swmikolaj.org\/wp-content\/uploads\/2020\/04\/Zupa_Chylo\u0144ska.jpg 2048w\" sizes=\"(max-width: 1024px) 100vw, 1024px\" \/><\/figure>\n\n\n\n<figure class=\"wp-block-image size-large\"><img decoding=\"async\" loading=\"lazy\" width=\"1024\" height=\"768\" src=\"https:\/\/swmikolaj.org\/wp-content\/uploads\/2025\/09\/IMG_9006-1-1024x768.jpg\" alt=\"\" class=\"wp-image-166032\" srcset=\"https:\/\/swmikolaj.org\/wp-content\/uploads\/2025\/09\/IMG_9006-1-1024x768.jpg 1024w, https:\/\/swmikolaj.org\/wp-content\/uploads\/2025\/09\/IMG_9006-1-300x225.jpg 300w, https:\/\/swmikolaj.org\/wp-content\/uploads\/2025\/09\/IMG_9006-1-768x576.jpg 768w, https:\/\/swmikolaj.org\/wp-content\/uploads\/2025\/09\/IMG_9006-1-1536x1152.jpg 1536w, https:\/\/swmikolaj.org\/wp-content\/uploads\/2025\/09\/IMG_9006-1-2048x1536.jpg 2048w, https:\/\/swmikolaj.org\/wp-content\/uploads\/2025\/09\/IMG_9006-1-676x507.jpg 676w\" sizes=\"(max-width: 1024px) 100vw, 1024px\" \/><\/figure>\n\n\n\n<p>Powy\u017csza metaloplastyka nosi tytu\u0142 &#8222;Jezus \u015bmietnikowy&#8221;. Jego historia wi\u0105\u017ce si\u0119 z jednym z uczestnik\u00f3w spotka\u0144 Zupy CHylo\u0144skiej, kt\u00f3ry znalaz\u0142 ten wizerunek na \u015bmietniku. Od sierpnia 2025 r. \u00a0&#8222;Jezus \u015bmietnikowy&#8221; sta\u0142 si\u0119 &#8222;ikon\u0105&#8221; Zupy Chylo\u0144skiej. \u00a0<\/p>\n","protected":false},"excerpt":{"rendered":"<p>* Od 9 grudnia 2017 r. rozpocz\u0119\u0142a si\u0119 inicjatywa wsp\u00f3lnego jedzenia zupy wraz z ubogimi. Inicjatorzy, to ludzie z r\u00f3\u017cnych \u015brodowisk i wsp\u00f3lnot.&nbsp; Zapraszamy do wsp\u00f3\u0142pracy wszystkich, kt\u00f3rzy chc\u0105 wej\u015b\u0107 w postaw\u0119 s\u0142u\u017cby i do\u015bwiadczy\u0107 rado\u015bci bycia z drugim cz\u0142owiekiem. * Gotujemy zazwyczaj w pi\u0105tki wieczorem. Je\u015bli chcesz do nas do\u0142\u0105czy\u0107, to przyjd\u017a w sobot\u0119 [&hellip;]<\/p>\n","protected":false},"author":6,"featured_media":0,"parent":0,"menu_order":0,"comment_status":"closed","ping_status":"closed","template":"","meta":{"footnotes":""},"publishpress_future_action":{"enabled":false,"date":"1970-01-01 01:00:00","action":"","terms":[],"taxonomy":"","browser_timezone_offset":0},"_links":{"self":[{"href":"https:\/\/swmikolaj.org\/index.php\/wp-json\/wp\/v2\/pages\/595"}],"collection":[{"href":"https:\/\/swmikolaj.org\/index.php\/wp-json\/wp\/v2\/pages"}],"about":[{"href":"https:\/\/swmikolaj.org\/index.php\/wp-json\/wp\/v2\/types\/page"}],"author":[{"embeddable":true,"href":"https:\/\/swmikolaj.org\/index.php\/wp-json\/wp\/v2\/users\/6"}],"replies":[{"embeddable":true,"href":"https:\/\/swmikolaj.org\/index.php\/wp-json\/wp\/v2\/comments?post=595"}],"version-history":[{"count":12,"href":"https:\/\/swmikolaj.org\/index.php\/wp-json\/wp\/v2\/pages\/595\/revisions"}],"predecessor-version":[{"id":166035,"href":"https:\/\/swmikolaj.org\/index.php\/wp-json\/wp\/v2\/pages\/595\/revisions\/166035"}],"wp:attachment":[{"href":"https:\/\/swmikolaj.org\/index.php\/wp-json\/wp\/v2\/media?parent=595"}],"curies":[{"name":"wp","href":"https:\/\/api.w.org\/{rel}","templated":true}]}}