{"id":58,"date":"2020-03-04T20:45:20","date_gmt":"2020-03-04T20:45:20","guid":{"rendered":"http:\/\/nowa.swmikolaj.org\/?page_id=58"},"modified":"2024-09-02T19:04:39","modified_gmt":"2024-09-02T18:04:39","slug":"semper-fidelis","status":"publish","type":"page","link":"https:\/\/swmikolaj.org\/index.php\/semper-fidelis\/","title":{"rendered":"Semper Fidelis"},"content":{"rendered":"\n<p>Ko\u015bcielna S\u0142u\u017cba Porz\u0105dkowa Archidiecezji Che\u0142mi\u0144skiej powsta\u0142a w czerwcu 1987 roku podczas pierwszej wizyty Ojca \u015awi\u0119tego na Wybrze\u017cu Gda\u0144skim. By\u0142 to rok, w kt\u00f3rym mieli\u015bmy zaszczyt i wielk\u0105 rado\u015b\u0107 go\u015bci\u0107 Papie\u017ca Jana Paw\u0142a II w Gdyni podczas uroczystej Mszy \u015aw. na Skwerze Ko\u015bciuszki.<br>&nbsp;&nbsp;&nbsp;&nbsp;&nbsp; W kwietniu 1992 w zwi\u0105zku ze zmian\u0105 podzia\u0142u administracyjnego diecezji parafia nasza zosta\u0142a przy\u0142\u0105czona do archidiecezji gda\u0144skiej, w kt\u00f3rej jako diecezjalna organizacja dzia\u0142a\u0142a Ko\u015bcielna S\u0142u\u017cba M\u0119\u017cczyzn &#8222;Semper Fidelis&#8221;.<br>&nbsp;&nbsp;&nbsp;&nbsp;&nbsp; W lutym 1997 roku m\u0119\u017cczy\u017ani z naszej parafii oraz oko\u0142o 3600 innych m\u0119\u017cczyzn zostali zaprzysi\u0119\u017ceni przez Arcybiskupa Tadeusza Goc\u0142owskiego. Jak zapewnie wi\u0119kszo\u015b\u0107 z nas pami\u0119ta by\u0142 to rok w kr\u00f3rym Ojciec \u015awi\u0119ty ponownie zaszczyci\u0142 nas swoj\u0105 wizyt\u0105. Tym razem podczas swojej drugiej wyzyty na pomorzu w czasie uroczystej Mszy \u015aw. w Sopocie.<br>Przez ca\u0142\u0105 noc bracia pilnowali o\u0142tarza. By\u0142o to okazj\u0105 do wykonania pami\u0105tkowych zdj\u0119\u0107.<br>Od tego czasu a\u017c do dnia dzisiejszego Ko\u015bcielna S\u0142u\u017cba M\u0119\u017cczyzn &#8222;Sempe Fidelis&#8221; naszej parafii dzia\u0142a jako oficjalna wsp\u00f3lnota. Tak jak inne wsp\u00f3lnoty, K.S.M. czynnie uczestniczy we wszystkich wydarzeniach i uroczysto\u015bciach wype\u0142niaj\u0105c sw\u00f3j statutowy obowi\u0105zek &#8222;zabezpieczenia \u0142adu nale\u017cnego modlitwie liturgicznej, zw\u0142aszcza w t\u0142umnych zgromadzeniach&#8221;. Dzia\u0142alno\u015b\u0107 braci nie ogranicza si\u0119 jednak wy\u0142\u0105cznie do zada\u0144 porz\u0105dkowych, czynnie oni uczestnicz\u0105 w \u017cyciu Ko\u015bcio\u0142a wspieraj\u0105c kap\u0142an\u00f3w w pracy duszpasterskiej w zakresie mo\u017cliwym dla os\u00f3b \u015bwieckich.<br>W okresie ca\u0142ego roku wsp\u00f3lnoty K.S.M. wspomagaj\u0105 si\u0119 wzajemnie w czasie uroczysto\u015bci wa\u017cnych dla \u017cycia poszczeg\u00f3lnych parafii. Wa\u017cne miejsce w \u017cyciu Ko\u015bcielnej S\u0142u\u017cby M\u0119\u017cczyzn zajmuj\u0105 wsp\u00f3lne spotkania modlitewne zwi\u0105zane z licznymi uroczysto\u015bciami. Nale\u017c\u0105 do nich coroczna pielgrzymka z Ko\u015bcio\u0142a Mariackiego do Ko\u015bcio\u0142a \u015awi\u0119tego Wojsciecha, jesienne spotkanie na Skwerze Ko\u015bciuszki przy pomniku upami\u0119tniaj\u0105cym wizyt\u0119 Ojca \u015awi\u0119tego, pielgrzymki na Kalwari\u0119 Wejherowsk\u0105, a tak\u017ce uroczysto\u015bci rocznicowe i wiele innych uroczysto\u015bci obejmuj\u0105cych swym zasi\u0119giem pojedyncze dekanaty lub ca\u0142\u0105 diecezj\u0119.<br><br><br><strong>Ze statutu Ko\u015bcielnej S\u0142u\u017cby M\u0119\u017cczyzn<\/strong><br><br>W tysi\u0105cletni\u0105 histori\u0119 Ko\u015bcio\u0142a Gda\u0144skiego wpisa\u0142a si\u0119 Pielgrzymka Ojca \u015awi\u0119tego Jana Paw\u0142a II do diecezji Gda\u0144skiej jako wydarzenie niezwyk\u0142e. Decyzj\u0105 Biskupa Gda\u0144skiego z dnia 28 Lutego 1987 roku zosta\u0142a Powo\u0142ana Ko\u015bcielna S\u0142u\u017cba Porz\u0105dkowa &#8222;Semper Fidelis&#8221;, kt\u00f3ra pe\u0142ni\u0142a w spos\u00f3b godny zadanie na ni\u0105 na\u0142o\u017cone. Ochrona Ojca \u015awi\u0119tego , religijny klimat w miejscach sprawowania nabo\u017ce\u0144stw, porz\u0105dek na trasach przejazdu Namiestnika Chrystusowego &#8211; to wszystko by\u0142o mo\u017cliwe dzi\u0119ki ofiarnej s\u0142u\u017cbie m\u0119\u017cczyzn, kt\u00f3rzy pod has\u0142em Semper Fidelis &#8211; Zawsze Wierny spe\u0142nili sw\u00f3j religijny obowi\u0105zek. Pielgrzymka Papieska na Gda\u0144skie Wybrze\u017ce trwa w swoich skutkach. Pragniemy by\u0107 str\u00f3\u017cami tych warto\u015bci, kt\u00f3re nam przypomnia\u0142 Ojciec \u015awi\u0119ty zw\u0142aszcza w czasie Mszy \u015awi\u0119tej sprawowanej dla Ludzi Pracy w dniu 12 czerwca 1987 roku na Gda\u0144skiej Zaspie. Ojciec \u015awi\u0119ty opuszczaj\u0105c Gda\u0144sk powiedzia\u0142 &#8222;\u017cywi\u0119 g\u0142\u0119bokie prze\u015bwiadczenie, i\u017c to, co si\u0119 zacz\u0119\u0142o dokonywa\u0107 tu w Gda\u0144sku i na Wybrze\u017cu i w innych \u015brodowiskach pracy w Polsce, ma wielkie znaczenie dla ludzkiej pracy. I to nie tylko na naszej ziemi, ale wsz\u0119dzie.&#8221; \u015awiadectwo \u017cycia, obrona chrze\u015bcija\u0144skiej to\u017csamo\u015bci narodu, solidarno\u015b\u0107 w \u015brodowisku pracy, a to wszystko z motyw\u00f3w religijnych i g\u0142\u0119boko humanitarnych b\u0119dzie budowaniem wsp\u00f3lnoty Ko\u015bcio\u0142a oraz dzia\u0142aniem na rzecz dobra wsp\u00f3lnego w\u0142asnego narodu d\u0105\u017c\u0105cego do odzyskania pe\u0142nej podmiotowo\u015bci. To jest dzia\u0142anie dla przysz\u0142o\u015bci. To jest wielki obowi\u0105zek spoczywaj\u0105cy na naszym pokoleniu. W spos\u00f3b zorganizowany przejmuje to wszystko na siebie Ko\u015bcielna S\u0142u\u017cba M\u0119\u017cczyzn &#8222;Semper Fidelis&#8221; w Diecezji Gda\u0144skiej. Ma to zwi\u0105zek z tym, co naucza Sob\u00f3r Watyka\u0144ski II gdy m\u00f3wi &#8222;W\u0142a\u015bciwo\u015bci\u0105 stanu ludzi \u015bwieckich jest \u017cycie w\u015br\u00f3d \u015bwiata i spraw doczesnych, dlatego wzywa ich B\u00f3g, by o\u017cywieni duchem chrze\u015bcija\u0144skim, sprawowali niczym zaczyn swoje apostolstwo w \u015bwiecie&#8221; (Dekret o apostolstwie \u015bwieckich, n.2).<\/p>\n\n\n\n<p>Lista os\u00f3b wsp\u00f3lnoty K.S.M. &#8222;Semper Fidelis&#8221;<\/p>\n\n\n\n<ul>\n<li>ks.&nbsp;Tomasz Makowski &#8211; &nbsp;duszpasterz parafialny<\/li>\n\n\n\n<li>Wiewi\u00f3rski Miros\u0142aw &#8211; moderator<\/li>\n\n\n\n<li>Lesner J\u00f3zef &#8211; (zast\u0119pca moderatora)<\/li>\n\n\n\n<li>Szyca Andrzej &#8211; skarbnik<\/li>\n\n\n\n<li>Hebel Andrzej<\/li>\n\n\n\n<li>Lesner J\u00f3zef<\/li>\n\n\n\n<li>Papierowski Adam<\/li>\n\n\n\n<li>Preiss Wojciech<\/li>\n<\/ul>\n\n\n\n<p><strong>Bracia kt\u00f3rzy odeszli do domu Pana<\/strong><\/p>\n\n\n\n<p>\u015bp. J\u00f3zef Glica &#8211; pe\u0142ni\u0142 funkcj\u0119 z.ca moderatora<\/p>\n\n\n\n<p>\u015bp. Zbigniew Graban &#8211; cz\u0142onek<\/p>\n\n\n\n<p>\u015bp. Andrzej Witkowski &#8211; cz\u0142onek<\/p>\n\n\n\n<p>\u015bp. Izdebski J\u00f3zef &#8211; pe\u0142ni\u0142 funkcj\u0119 moderatora<\/p>\n\n\n\n<p>\u015bp. Ki\u017cewski Zbigniew<\/p>\n\n\n\n<p>Wszyscy cz\u0142onkowie wsp\u00f3lnoty nale\u017c\u0105 do X R\u00f3\u017cy \u017bywego R\u00f3\u017ca\u0144ca.<\/p>\n\n\n\n<p><\/p>\n\n\n<p><!--StartFragment--><\/p>\n\n\n<h4 class=\"wp-block-heading\">Terminy spotka\u0144&nbsp;<\/h4>\n\n\n\n<p>Ustalane i og\u0142aszane na bierz\u0105co.<\/p>\n\n\n<p><!--EndFragment--><\/p>","protected":false},"excerpt":{"rendered":"<p>Ko\u015bcielna S\u0142u\u017cba Porz\u0105dkowa Archidiecezji Che\u0142mi\u0144skiej powsta\u0142a w czerwcu 1987 roku podczas pierwszej wizyty Ojca \u015awi\u0119tego na Wybrze\u017cu Gda\u0144skim. By\u0142 to rok, w kt\u00f3rym mieli\u015bmy zaszczyt i wielk\u0105 rado\u015b\u0107 go\u015bci\u0107 Papie\u017ca Jana Paw\u0142a II w Gdyni podczas uroczystej Mszy \u015aw. na Skwerze Ko\u015bciuszki.&nbsp;&nbsp;&nbsp;&nbsp;&nbsp; W kwietniu 1992 w zwi\u0105zku ze zmian\u0105 podzia\u0142u administracyjnego diecezji parafia nasza zosta\u0142a [&hellip;]<\/p>\n","protected":false},"author":2,"featured_media":0,"parent":0,"menu_order":0,"comment_status":"closed","ping_status":"closed","template":"","meta":{"footnotes":""},"publishpress_future_action":{"enabled":false,"date":"1970-01-01 01:00:00","action":"","terms":[],"taxonomy":"","browser_timezone_offset":0},"_links":{"self":[{"href":"https:\/\/swmikolaj.org\/index.php\/wp-json\/wp\/v2\/pages\/58"}],"collection":[{"href":"https:\/\/swmikolaj.org\/index.php\/wp-json\/wp\/v2\/pages"}],"about":[{"href":"https:\/\/swmikolaj.org\/index.php\/wp-json\/wp\/v2\/types\/page"}],"author":[{"embeddable":true,"href":"https:\/\/swmikolaj.org\/index.php\/wp-json\/wp\/v2\/users\/2"}],"replies":[{"embeddable":true,"href":"https:\/\/swmikolaj.org\/index.php\/wp-json\/wp\/v2\/comments?post=58"}],"version-history":[{"count":6,"href":"https:\/\/swmikolaj.org\/index.php\/wp-json\/wp\/v2\/pages\/58\/revisions"}],"predecessor-version":[{"id":163443,"href":"https:\/\/swmikolaj.org\/index.php\/wp-json\/wp\/v2\/pages\/58\/revisions\/163443"}],"wp:attachment":[{"href":"https:\/\/swmikolaj.org\/index.php\/wp-json\/wp\/v2\/media?parent=58"}],"curies":[{"name":"wp","href":"https:\/\/api.w.org\/{rel}","templated":true}]}}