{"id":48,"date":"2020-03-04T20:45:19","date_gmt":"2020-03-04T20:45:19","guid":{"rendered":"http:\/\/nowa.swmikolaj.org\/?page_id=48"},"modified":"2025-03-26T04:13:43","modified_gmt":"2025-03-26T03:13:43","slug":"diakonia-muzyczna","status":"publish","type":"page","link":"https:\/\/swmikolaj.org\/index.php\/diakonia-muzyczna\/","title":{"rendered":"Diakonia Muzyczna \u015bw. Miko\u0142aja"},"content":{"rendered":"\n<p class=\"has-text-align-center\"><em>&#8222;&#8230;ale nape\u0142niajcie si\u0119 Duchem przemawiaj\u0105c do siebie<\/em><br><em>w psalmach i hymnach, i pie\u015bniach pe\u0142nych ducha,<br>\u015bpiewaj\u0105c i wys\u0142awiaj\u0105c Pana w waszych sercach&#8230;&#8221;&nbsp;[Ef 5,18-19]<\/em><\/p>\n\n\n\n<figure class=\"wp-block-embed is-type-video is-provider-youtube wp-block-embed-youtube wp-embed-aspect-16-9 wp-has-aspect-ratio\"><div class=\"wp-block-embed__wrapper\">\n<iframe loading=\"lazy\" title=\"Diakonia Muzyczna przy Parafii \u015aw. Miko\u0142aja w Gdyni\" width=\"676\" height=\"380\" src=\"https:\/\/www.youtube.com\/embed\/IjigvTa3AbM?feature=oembed\" frameborder=\"0\" allow=\"accelerometer; autoplay; clipboard-write; encrypted-media; gyroscope; picture-in-picture; web-share\" allowfullscreen><\/iframe>\n<\/div><\/figure>\n\n\n\n<p><\/p>\n\n\n\n<p>Kontakt z dyrygentk\u0105 Emili\u0105 Litwin-Watkowsk\u0105 (tel. 506 800 467)<\/p>\n\n\n\n<p>Rozpocz\u0119\u0142y si\u0119 ju\u017c pr\u00f3by przed Triduum Paschlanym 2025<\/p>\n\n\n\n<p><\/p>\n\n\n\n<p>Zapraszamy graj\u0105cych i \u015bpiewaj\u0105cych na pr\u00f3by Diakonii Muzycznej \u015aw. Miko\u0142aja <\/p>\n\n\n\n<p class=\"has-accent-color has-text-color\"><br><\/p>\n","protected":false},"excerpt":{"rendered":"<p>&#8222;&#8230;ale nape\u0142niajcie si\u0119 Duchem przemawiaj\u0105c do siebiew psalmach i hymnach, i pie\u015bniach pe\u0142nych ducha,\u015bpiewaj\u0105c i wys\u0142awiaj\u0105c Pana w waszych sercach&#8230;&#8221;&nbsp;[Ef 5,18-19] Kontakt z dyrygentk\u0105 Emili\u0105 Litwin-Watkowsk\u0105 (tel. 506 800 467) Rozpocz\u0119\u0142y si\u0119 ju\u017c pr\u00f3by przed Triduum Paschlanym 2025 Zapraszamy graj\u0105cych i \u015bpiewaj\u0105cych na pr\u00f3by Diakonii Muzycznej \u015aw. Miko\u0142aja<\/p>\n","protected":false},"author":2,"featured_media":0,"parent":0,"menu_order":0,"comment_status":"closed","ping_status":"closed","template":"","meta":{"footnotes":""},"publishpress_future_action":{"enabled":false,"date":"1970-01-01 01:00:00","action":"","terms":[],"taxonomy":"","browser_timezone_offset":0},"_links":{"self":[{"href":"https:\/\/swmikolaj.org\/index.php\/wp-json\/wp\/v2\/pages\/48"}],"collection":[{"href":"https:\/\/swmikolaj.org\/index.php\/wp-json\/wp\/v2\/pages"}],"about":[{"href":"https:\/\/swmikolaj.org\/index.php\/wp-json\/wp\/v2\/types\/page"}],"author":[{"embeddable":true,"href":"https:\/\/swmikolaj.org\/index.php\/wp-json\/wp\/v2\/users\/2"}],"replies":[{"embeddable":true,"href":"https:\/\/swmikolaj.org\/index.php\/wp-json\/wp\/v2\/comments?post=48"}],"version-history":[{"count":14,"href":"https:\/\/swmikolaj.org\/index.php\/wp-json\/wp\/v2\/pages\/48\/revisions"}],"predecessor-version":[{"id":164910,"href":"https:\/\/swmikolaj.org\/index.php\/wp-json\/wp\/v2\/pages\/48\/revisions\/164910"}],"wp:attachment":[{"href":"https:\/\/swmikolaj.org\/index.php\/wp-json\/wp\/v2\/media?parent=48"}],"curies":[{"name":"wp","href":"https:\/\/api.w.org\/{rel}","templated":true}]}}