{"id":388,"date":"2020-03-05T19:28:12","date_gmt":"2020-03-05T19:28:12","guid":{"rendered":"http:\/\/nowa.swmikolaj.org\/?page_id=388"},"modified":"2026-02-20T17:39:32","modified_gmt":"2026-02-20T16:39:32","slug":"parafialny-zespol-caritas","status":"publish","type":"page","link":"https:\/\/swmikolaj.org\/index.php\/parafialny-zespol-caritas\/","title":{"rendered":"Parafialny Zesp\u00f3\u0142 Caritas"},"content":{"rendered":"\n<h4 class=\"wp-block-heading\">Opiekun: ks. Jacek Socha<br>Kordynatorki: Ewa Kosza\u0142ka , Joanna Hebel, Maria Witczak<\/h4>\n\n\n\n<figure class=\"wp-block-image\"><a href=\"http:\/\/swmikolaj.org\/wp-content\/uploads\/2020\/04\/PZ-Caritas-2.jpg\"><img decoding=\"async\" loading=\"lazy\" width=\"1024\" height=\"683\" src=\"http:\/\/swmikolaj.org\/wp-content\/uploads\/2020\/04\/PZ-Caritas-2-1024x683.jpg\" alt=\"\" class=\"wp-image-1925\" srcset=\"https:\/\/swmikolaj.org\/wp-content\/uploads\/2020\/04\/PZ-Caritas-2-1024x683.jpg 1024w, https:\/\/swmikolaj.org\/wp-content\/uploads\/2020\/04\/PZ-Caritas-2-300x200.jpg 300w, https:\/\/swmikolaj.org\/wp-content\/uploads\/2020\/04\/PZ-Caritas-2-768x512.jpg 768w, https:\/\/swmikolaj.org\/wp-content\/uploads\/2020\/04\/PZ-Caritas-2-676x451.jpg 676w\" sizes=\"(max-width: 1024px) 100vw, 1024px\" \/><\/a><\/figure>\n\n\n\n<p>W dzialno\u015bci parafii chylo\u0144skiej od pocz\u0105tku jej istnienia widoczny by\u0142 wymiar charytatywny. Przybiera\u0142 on r\u00f3\u017cne formy instytucjonalne. Najnowsz\u0105 jej postaci\u0105 jest Parafialny Zesp\u00f3\u0142 Caritas b\u0119d\u0105cy cz\u0119\u015bci\u0105 organizacji Caritas Archidiecezji Gda\u0144skiej. Zesp\u00f3\u0142 rozpocz\u0105\u0142 dzia\u0142alno\u015b\u0107 jesieni\u0105 2009 r., kiedy to odwiedzi\u0142 parafi\u0119 ks. Krzysztof Sagan, \u00f3wczesny wicedyektor Caritas Archidiecezji Gda\u0144skiej.<\/p>\n\n\n\n<p>&nbsp;&nbsp;&nbsp; Do zada\u0144 PZ Caritas nale\u017cy \u015bwiadczenie mi\u0142o\u015bci mi\u0142osiernej wzgl\u0119dem ubogich. Dzieje si\u0119 to porzez regularn\u0105 pomoc w postaci wydawania wy\u017cywienia, przygotowywanie paczek \u015bwiatecznych, odwiedziny ludzi bedacych w potrzebie i przygotowanie \u015bniadania dla dzieci uczestnicz\u0105cych w Roratatch. Oryginaln\u0105 form\u0105 dzia\u0142alno\u015bci chylo\u0144skiej Caritas s\u0105 wieczerze wigilijne dla samotnych i bezdomnych, kt\u00f3re odbywaj\u0105 si\u0119 w godzinach wieczronych 24 grudnia. W kolacjji wigilijnej w roku 2014 uczestniczy\u0142o 29 os\u00f3b, a w 24.12.2015 r. przysz\u0142o 38 os\u00f3b, 2018 r.&nbsp; &#8211; 45.<br><\/p>\n\n\n\n<p>Koordynatorem PZ Caritas w latach 2009-2014 by\u0142a Alicja Dettlaff, a w latach 2014-2021 &#8211; Renata M\u0142ynska<\/p>\n\n\n\n<p>\u00a0\u00a0\u00a0 Aktualnie koordynacja Parafialnego Zespo\u0142u Caritas zajmuje si\u0119 Ewa Kosza\u0142ka, Joanna Hebel i Maria Witczak<\/p>\n\n\n\n<p>&nbsp;&nbsp;&nbsp; Od grudnia 2017 r.&nbsp; PZ Caritas koordynuje dzie\u0142o Zupy Chylo\u0144skiej, w kt\u00f3re zaanga\u017cowanych jest ok. 35 wolontariuszy.Numer konta Parafialnego Zespo\u0142u Caritas: Bank Pekao 13 1240 5354 1111 0010 9124 3143 <\/p>\n\n\n\n<figure class=\"wp-block-embed is-type-video is-provider-youtube wp-block-embed-youtube wp-embed-aspect-16-9 wp-has-aspect-ratio\"><div class=\"wp-block-embed__wrapper\">\n<iframe loading=\"lazy\" title=\"Roraty, Nutella &amp; Kakao w Miko\u0142aju\" width=\"676\" height=\"380\" src=\"https:\/\/www.youtube.com\/embed\/qXF-F9H92bo?feature=oembed\" frameborder=\"0\" allow=\"accelerometer; autoplay; clipboard-write; encrypted-media; gyroscope; picture-in-picture\" allowfullscreen><\/iframe>\n<\/div><\/figure>\n","protected":false},"excerpt":{"rendered":"<p>Opiekun: ks. Jacek SochaKordynatorki: Ewa Kosza\u0142ka , Joanna Hebel, Maria Witczak W dzialno\u015bci parafii chylo\u0144skiej od pocz\u0105tku jej istnienia widoczny by\u0142 wymiar charytatywny. Przybiera\u0142 on r\u00f3\u017cne formy instytucjonalne. Najnowsz\u0105 jej postaci\u0105 jest Parafialny Zesp\u00f3\u0142 Caritas b\u0119d\u0105cy cz\u0119\u015bci\u0105 organizacji Caritas Archidiecezji Gda\u0144skiej. Zesp\u00f3\u0142 rozpocz\u0105\u0142 dzia\u0142alno\u015b\u0107 jesieni\u0105 2009 r., kiedy to odwiedzi\u0142 parafi\u0119 ks. Krzysztof Sagan, \u00f3wczesny [&hellip;]<\/p>\n","protected":false},"author":6,"featured_media":0,"parent":0,"menu_order":0,"comment_status":"closed","ping_status":"closed","template":"","meta":{"footnotes":""},"publishpress_future_action":{"enabled":false,"date":"1970-01-01 01:00:00","action":"","terms":[],"taxonomy":"","browser_timezone_offset":0},"_links":{"self":[{"href":"https:\/\/swmikolaj.org\/index.php\/wp-json\/wp\/v2\/pages\/388"}],"collection":[{"href":"https:\/\/swmikolaj.org\/index.php\/wp-json\/wp\/v2\/pages"}],"about":[{"href":"https:\/\/swmikolaj.org\/index.php\/wp-json\/wp\/v2\/types\/page"}],"author":[{"embeddable":true,"href":"https:\/\/swmikolaj.org\/index.php\/wp-json\/wp\/v2\/users\/6"}],"replies":[{"embeddable":true,"href":"https:\/\/swmikolaj.org\/index.php\/wp-json\/wp\/v2\/comments?post=388"}],"version-history":[{"count":8,"href":"https:\/\/swmikolaj.org\/index.php\/wp-json\/wp\/v2\/pages\/388\/revisions"}],"predecessor-version":[{"id":167141,"href":"https:\/\/swmikolaj.org\/index.php\/wp-json\/wp\/v2\/pages\/388\/revisions\/167141"}],"wp:attachment":[{"href":"https:\/\/swmikolaj.org\/index.php\/wp-json\/wp\/v2\/media?parent=388"}],"curies":[{"name":"wp","href":"https:\/\/api.w.org\/{rel}","templated":true}]}}