{"id":3742,"date":"2020-04-17T10:22:46","date_gmt":"2020-04-17T10:22:46","guid":{"rendered":"http:\/\/nowa.swmikolaj.org\/?page_id=3742"},"modified":"2024-07-22T12:53:03","modified_gmt":"2024-07-22T11:53:03","slug":"spoldzielnia-socjalna-dobre-miejsce","status":"publish","type":"page","link":"https:\/\/swmikolaj.org\/index.php\/spoldzielnia-socjalna-dobre-miejsce\/","title":{"rendered":"Sp\u00f3\u0142dzielnia Socjalna \u201eDobre Miejsce\u201d"},"content":{"rendered":"\n<p>Sp\u00f3\u0142dzielnia Socjalna \u201eDOBRE MIEJSCE\u201d za\u0142o\u017cona zosta\u0142a przez Parafi\u0119 \u015aw. Miko\u0142aja w Gdyni oraz Stowarzyszenie \u015awi\u0119tego Miko\u0142aja Biskupa w Gdyni w celu aktywizacji zawodowej i reintegracji spo\u0142ecznej os\u00f3b zagro\u017conych wykluczeniem spo\u0142ecznym, w szczeg\u00f3lno\u015bci podopiecznych Stowarzyszenia. Zak\u0142adaj\u0105c Sp\u00f3\u0142dzielni\u0119 chcieli\u015bmy wyj\u015b\u0107 naprzeciw potrzebom os\u00f3b do\u015bwiadczaj\u0105cych r\u00f3\u017cnych trudno\u015bci \u017cyciowych. Podstawowym celem dzia\u0142alno\u015bci Sp\u00f3\u0142dzielni jest przywracanie naszym podopiecznym nadziei, poczucia godno\u015bci, pragnienia dobra, mi\u0142o\u015bci i rozwoju. \u015arodkiem do realizacji tego celu jest za\u015b zapewnienie im stabilnego zatrudnienia w przyjaznych warunkach, kt\u00f3re wzmocni ich poczucie w\u0142asnej warto\u015bci i otworzy perspektywy dalszego rozwoju.<\/p>\n\n\n\n<p>W ramach dzia\u0142alno\u015bci Sp\u00f3\u0142dzielni otwarty zosta\u0142 <strong>foodtruck<\/strong> (barobus), w kt\u00f3rym serwowane s\u0105 najlepszej jako\u015bci&nbsp; frytki ze \u015bwie\u017cych ziemniak\u00f3w, zapiekanki, zupy, donuty z polewami, kawa, herbata i czekolada. <\/p>\n\n\n\n<div class=\"wp-block-group is-layout-flow wp-block-group-is-layout-flow\"><div class=\"wp-block-group__inner-container\">\n<figure class=\"wp-block-gallery has-nested-images columns-default wp-block-gallery-1 is-layout-flex wp-block-gallery-is-layout-flex\">\n<figure class=\"wp-block-image\"><img decoding=\"async\" loading=\"lazy\" width=\"1024\" height=\"683\" src=\"https:\/\/swmikolaj.org\/wp-content\/uploads\/2020\/04\/86295674_164870704967038_3627445703648739328_o-1024x683.jpg\" alt=\"\" class=\"wp-image-3754\" srcset=\"https:\/\/swmikolaj.org\/wp-content\/uploads\/2020\/04\/86295674_164870704967038_3627445703648739328_o-1024x683.jpg 1024w, https:\/\/swmikolaj.org\/wp-content\/uploads\/2020\/04\/86295674_164870704967038_3627445703648739328_o-300x200.jpg 300w, https:\/\/swmikolaj.org\/wp-content\/uploads\/2020\/04\/86295674_164870704967038_3627445703648739328_o-768x512.jpg 768w, https:\/\/swmikolaj.org\/wp-content\/uploads\/2020\/04\/86295674_164870704967038_3627445703648739328_o-1536x1025.jpg 1536w, https:\/\/swmikolaj.org\/wp-content\/uploads\/2020\/04\/86295674_164870704967038_3627445703648739328_o-676x451.jpg 676w, https:\/\/swmikolaj.org\/wp-content\/uploads\/2020\/04\/86295674_164870704967038_3627445703648739328_o.jpg 2048w\" sizes=\"(max-width: 1024px) 100vw, 1024px\" \/><\/figure>\n<\/figure>\n<\/div><\/div>\n\n\n\n<p>Zatrudnienie w foodtrucku znalaz\u0142o kilkoro podopiecznych Stowarzyszenia. Inauguracja dzia\u0142alno\u015bci foodtrucka mia\u0142a miejsce 6 grudnia 2019 r. i od tej pory dzia\u0142alno\u015b\u0107 ta systematycznie si\u0119 rozwija. Na co dzie\u0144 nasz barobus ustawiony jest przy ul. \u015aw. Miko\u0142aja 4 w Gdyni Chyloni (obok budynku starej plebanii). Jednocze\u015bnie, szczeg\u00f3lnie w miesi\u0105cach wiosennych i letnich, mamy nadziej\u0119 pojawia\u0107 si\u0119 w innych cz\u0119\u015bciach Tr\u00f3jmiasta.<\/p>\n\n\n<div class=\"wp-block-image\">\n<figure class=\"aligncenter size-large\"><img decoding=\"async\" loading=\"lazy\" width=\"1024\" height=\"683\" src=\"http:\/\/swmikolaj.org\/wp-content\/uploads\/2020\/04\/79152418_129423131845129_5162080893384261632_o-1024x683.jpg\" alt=\"\" class=\"wp-image-3753\" srcset=\"https:\/\/swmikolaj.org\/wp-content\/uploads\/2020\/04\/79152418_129423131845129_5162080893384261632_o-1024x683.jpg 1024w, https:\/\/swmikolaj.org\/wp-content\/uploads\/2020\/04\/79152418_129423131845129_5162080893384261632_o-300x200.jpg 300w, https:\/\/swmikolaj.org\/wp-content\/uploads\/2020\/04\/79152418_129423131845129_5162080893384261632_o-768x512.jpg 768w, https:\/\/swmikolaj.org\/wp-content\/uploads\/2020\/04\/79152418_129423131845129_5162080893384261632_o-1536x1025.jpg 1536w, https:\/\/swmikolaj.org\/wp-content\/uploads\/2020\/04\/79152418_129423131845129_5162080893384261632_o-676x451.jpg 676w, https:\/\/swmikolaj.org\/wp-content\/uploads\/2020\/04\/79152418_129423131845129_5162080893384261632_o.jpg 2048w\" sizes=\"(max-width: 1024px) 100vw, 1024px\" \/><\/figure><\/div>\n\n\n<p>Mamy tak\u017ce nadziej\u0119, i\u017c dzia\u0142alno\u015b\u0107 foodtrucka b\u0119dzie wst\u0119pem do dalszego rozwoju dzia\u0142alno\u015bci Sp\u00f3\u0142dzielni i tworzenia miejsc pracy dla os\u00f3b zagro\u017conych marginalizacj\u0105, aby umo\u017cliwi\u0107 im pe\u0142ny powr\u00f3t do spo\u0142ecze\u0144stwa i wzmocni\u0107 ich poczucie warto\u015bci.<\/p>\n\n\n\n<p>Wi\u0119cej informacji o bie\u017c\u0105cej dzia\u0142alno\u015bci Sp\u00f3\u0142dzielni socjalnej \u201eDOBRE MIEJSCE\u201d w Gdyni, w tym o dzia\u0142alno\u015bci barobusu, mo\u017cna uzyska\u0107 na profilu Sp\u00f3\u0142dzielni na Facebooku: <a href=\"https:\/\/www.facebook.com\/foodtruckdobrem\/\">https:\/\/www.facebook.com\/foodtruckdobrem\/<\/a> .<\/p>\n\n\n\n<p>W roku 2024, z powod\u00f3w ekonomicznych,  musieli\u015bmy podj\u0105\u0107 decyzje o  wszcz\u0119ciu procesu zamykania Sp\u00f3\u0142dzielni Socjalnej &#8222;Dobre Miejsce&#8221;. <\/p>\n\n\n\n<p>Dzi\u0119kujemy wszystkim, kt\u00f3rzy wspierali \u00f3w projekt socjalny w Chyloni. <\/p>\n\n\n\n<p><\/p>\n","protected":false},"excerpt":{"rendered":"<p>Sp\u00f3\u0142dzielnia Socjalna \u201eDOBRE MIEJSCE\u201d za\u0142o\u017cona zosta\u0142a przez Parafi\u0119 \u015aw. Miko\u0142aja w Gdyni oraz Stowarzyszenie \u015awi\u0119tego Miko\u0142aja Biskupa w Gdyni w celu aktywizacji zawodowej i reintegracji spo\u0142ecznej os\u00f3b zagro\u017conych wykluczeniem spo\u0142ecznym, w szczeg\u00f3lno\u015bci podopiecznych Stowarzyszenia. Zak\u0142adaj\u0105c Sp\u00f3\u0142dzielni\u0119 chcieli\u015bmy wyj\u015b\u0107 naprzeciw potrzebom os\u00f3b do\u015bwiadczaj\u0105cych r\u00f3\u017cnych trudno\u015bci \u017cyciowych. Podstawowym celem dzia\u0142alno\u015bci Sp\u00f3\u0142dzielni jest przywracanie naszym podopiecznym nadziei, poczucia [&hellip;]<\/p>\n","protected":false},"author":3,"featured_media":0,"parent":0,"menu_order":0,"comment_status":"closed","ping_status":"closed","template":"","meta":{"footnotes":""},"publishpress_future_action":{"enabled":false,"date":"1970-01-01 01:00:00","action":"","terms":[],"taxonomy":"","browser_timezone_offset":0},"_links":{"self":[{"href":"https:\/\/swmikolaj.org\/index.php\/wp-json\/wp\/v2\/pages\/3742"}],"collection":[{"href":"https:\/\/swmikolaj.org\/index.php\/wp-json\/wp\/v2\/pages"}],"about":[{"href":"https:\/\/swmikolaj.org\/index.php\/wp-json\/wp\/v2\/types\/page"}],"author":[{"embeddable":true,"href":"https:\/\/swmikolaj.org\/index.php\/wp-json\/wp\/v2\/users\/3"}],"replies":[{"embeddable":true,"href":"https:\/\/swmikolaj.org\/index.php\/wp-json\/wp\/v2\/comments?post=3742"}],"version-history":[{"count":10,"href":"https:\/\/swmikolaj.org\/index.php\/wp-json\/wp\/v2\/pages\/3742\/revisions"}],"predecessor-version":[{"id":163160,"href":"https:\/\/swmikolaj.org\/index.php\/wp-json\/wp\/v2\/pages\/3742\/revisions\/163160"}],"wp:attachment":[{"href":"https:\/\/swmikolaj.org\/index.php\/wp-json\/wp\/v2\/media?parent=3742"}],"curies":[{"name":"wp","href":"https:\/\/api.w.org\/{rel}","templated":true}]}}

Spółdzielnia Socjalna „Dobre Miejsce”

<p>Spółdzielnia Socjalna „DOBRE MIEJSCE” założona została przez Parafię Św. Mikołaja w Gdyni oraz Stowarzyszenie Świętego Mikołaja Biskupa w Gdyni w celu aktywizacji zawodowej i reintegracji społecznej osób zagrożonych wykluczeniem społecznym, w szczególności podopiecznych Stowarzyszenia. Zakładając Spółdzielnię chcieliśmy wyjść naprzeciw potrzebom osób doświadczających różnych trudności życiowych. Podstawowym celem działalności Spółdzielni jest przywracanie naszym podopiecznym nadziei, poczucia godności, pragnienia dobra, miłości i rozwoju. Środkiem do realizacji tego celu jest zaś zapewnienie im stabilnego zatrudnienia w przyjaznych warunkach, które wzmocni ich poczucie własnej wartości i otworzy perspektywy dalszego rozwoju.</p>



<p>W ramach działalności Spółdzielni otwarty został <strong>foodtruck</strong> (barobus), w którym serwowane są najlepszej jakości&nbsp; frytki ze świeżych ziemniaków, zapiekanki, zupy, donuty z polewami, kawa, herbata i czekolada. </p>



<div class="wp-block-group is-layout-flow wp-block-group-is-layout-flow"><div class="wp-block-group__inner-container">
<figure class="wp-block-gallery has-nested-images columns-default wp-block-gallery-1 is-layout-flex wp-block-gallery-is-layout-flex">
<figure class="wp-block-image"><img decoding="async" loading="lazy" width="1024" height="683" src="https://swmikolaj.org/wp-content/uploads/2020/04/86295674_164870704967038_3627445703648739328_o-1024x683.jpg" alt="" class="wp-image-3754" srcset="https://swmikolaj.org/wp-content/uploads/2020/04/86295674_164870704967038_3627445703648739328_o-1024x683.jpg 1024w, https://swmikolaj.org/wp-content/uploads/2020/04/86295674_164870704967038_3627445703648739328_o-300x200.jpg 300w, https://swmikolaj.org/wp-content/uploads/2020/04/86295674_164870704967038_3627445703648739328_o-768x512.jpg 768w, https://swmikolaj.org/wp-content/uploads/2020/04/86295674_164870704967038_3627445703648739328_o-1536x1025.jpg 1536w, https://swmikolaj.org/wp-content/uploads/2020/04/86295674_164870704967038_3627445703648739328_o-676x451.jpg 676w, https://swmikolaj.org/wp-content/uploads/2020/04/86295674_164870704967038_3627445703648739328_o.jpg 2048w" sizes="(max-width: 1024px) 100vw, 1024px" /></figure>
</figure>
</div></div>



<p>Zatrudnienie w foodtrucku znalazło kilkoro podopiecznych Stowarzyszenia. Inauguracja działalności foodtrucka miała miejsce 6 grudnia 2019 r. i od tej pory działalność ta systematycznie się rozwija. Na co dzień nasz barobus ustawiony jest przy ul. Św. Mikołaja 4 w Gdyni Chyloni (obok budynku starej plebanii). Jednocześnie, szczególnie w miesiącach wiosennych i letnich, mamy nadzieję pojawiać się w innych częściach Trójmiasta.</p>


<div class="wp-block-image">
<figure class="aligncenter size-large"><img decoding="async" loading="lazy" width="1024" height="683" src="http://swmikolaj.org/wp-content/uploads/2020/04/79152418_129423131845129_5162080893384261632_o-1024x683.jpg" alt="" class="wp-image-3753" srcset="https://swmikolaj.org/wp-content/uploads/2020/04/79152418_129423131845129_5162080893384261632_o-1024x683.jpg 1024w, https://swmikolaj.org/wp-content/uploads/2020/04/79152418_129423131845129_5162080893384261632_o-300x200.jpg 300w, https://swmikolaj.org/wp-content/uploads/2020/04/79152418_129423131845129_5162080893384261632_o-768x512.jpg 768w, https://swmikolaj.org/wp-content/uploads/2020/04/79152418_129423131845129_5162080893384261632_o-1536x1025.jpg 1536w, https://swmikolaj.org/wp-content/uploads/2020/04/79152418_129423131845129_5162080893384261632_o-676x451.jpg 676w, https://swmikolaj.org/wp-content/uploads/2020/04/79152418_129423131845129_5162080893384261632_o.jpg 2048w" sizes="(max-width: 1024px) 100vw, 1024px" /></figure></div>


<p>Mamy także nadzieję, iż działalność foodtrucka będzie wstępem do dalszego rozwoju działalności Spółdzielni i tworzenia miejsc pracy dla osób zagrożonych marginalizacją, aby umożliwić im pełny powrót do społeczeństwa i wzmocnić ich poczucie wartości.</p>



<p>Więcej informacji o bieżącej działalności Spółdzielni socjalnej „DOBRE MIEJSCE” w Gdyni, w tym o działalności barobusu, można uzyskać na profilu Spółdzielni na Facebooku: <a href="https://www.facebook.com/foodtruckdobrem/">https://www.facebook.com/foodtruckdobrem/</a> .</p>



<p>W roku 2024, z powodów ekonomicznych,  musieliśmy podjąć decyzje o  wszczęciu procesu zamykania Spółdzielni Socjalnej &#8222;Dobre Miejsce&#8221;. </p>



<p>Dziękujemy wszystkim, którzy wspierali ów projekt socjalny w Chyloni. </p>



<p></p>

<p>Spółdzielnia Socjalna „DOBRE MIEJSCE” założona została przez Parafię Św. Mikołaja w Gdyni oraz Stowarzyszenie Świętego Mikołaja Biskupa w Gdyni w celu aktywizacji zawodowej i reintegracji społecznej osób zagrożonych wykluczeniem społecznym, w szczególności podopiecznych Stowarzyszenia. Zakładając Spółdzielnię chcieliśmy wyjść naprzeciw potrzebom osób doświadczających różnych trudności życiowych. Podstawowym celem działalności Spółdzielni jest przywracanie naszym podopiecznym nadziei, poczucia [&hellip;]</p>
