{"id":3734,"date":"2020-04-17T06:49:14","date_gmt":"2020-04-17T06:49:14","guid":{"rendered":"http:\/\/nowa.swmikolaj.org\/?page_id=3734"},"modified":"2022-11-08T12:04:54","modified_gmt":"2022-11-08T11:04:54","slug":"szkolenie-ewangelizacyjne","status":"publish","type":"page","link":"https:\/\/swmikolaj.org\/index.php\/szkolenie-ewangelizacyjne\/","title":{"rendered":"Szkolenie ewangelizacyjne"},"content":{"rendered":"\n<p>Prowadzone przez wsp\u00f3lnot\u0119 Dzieje 2<\/p>\n\n\n\n<p>Fundamentaln\u0105 misj\u0105 Ko\u015bcio\u0142a jest wyznawanie osoby Jezusa Chrystusa, kt\u00f3ry jest Dobr\u0105 Nowin\u0105, kt\u00f3ry jest Ewangeli\u0105.<\/p>\n\n\n\n<p>Przyczyn\u0105, dla kt\u00f3rej wi\u0119kszo\u015b\u0107 z nas&nbsp; boi si\u0119 realizowa\u0107 swoj\u0105 podstawow\u0105 misj\u0119 ewangelizacji jest to, \u017ce nie jeste\u015bmy zaznajomieni ze sposobami jasnego, zwi\u0119z\u0142ego, \u0142atwego do zrozumienia przedstawiania Ewangelii, Dobrej Nowiny o Jezusie.<\/p>\n\n\n\n<p>Potrzebujemy g\u0142\u0119bokiego, osobistego zwi\u0105zku z Jezusem oraz pragnienia i umiej\u0119tno\u015bci dzielenia si\u0119 Nim z innymi.&nbsp;<\/p>\n\n\n\n<p>Aby\u015bmy stali si\u0119 ewangelizatorami, musimy pog\u0142\u0119bi\u0107 swoj\u0105 relacj\u0119 z Panem i \u017cycie w Duchu \u015awi\u0119tym.<\/p>\n\n\n\n<p>G\u0142\u00f3wnym zadaniem szkolenia ewangelizacyjnego jest formacja uczni\u00f3w, ewangelizator\u00f3w dla Jezusa: uczni\u00f3w, kt\u00f3rzy b\u0119d\u0105 w Nim zakorzenieni, os\u00f3b, kt\u00f3re tak bardzo kochaj\u0105 Jezusa, \u017ce ich najwi\u0119kszym marzeniem jest doprowadzenie innych do osobistej wi\u0119zi z Jezusem tak, aby i oni tak\u017ce mogli Go darzy\u0107 g\u0142\u0119bok\u0105 mi\u0142o\u015bci\u0105.<\/p>\n\n\n\n<p>By\u0107 uczniem, ewangelizatorem to znaczy by\u0107 kim\u015b, kto niesie Dobr\u0105 Nowin\u0119, t\u0119 Dobr\u0105 Nowin\u0119, kt\u00f3rej osobi\u015bcie do\u015bwiadczy\u0142.<\/p>\n\n\n\n<p>Szkolenie ewangelizacyjne ma trzy cele:<\/p>\n\n\n\n<ul><li>u\u0142atwi\u0107 osobiste nawr\u00f3cenie<\/li><li>wyposa\u017cy\u0107 przysz\u0142ych ewangelizator\u00f3w w narz\u0119dzia i umiej\u0119tno\u015bci niezb\u0119dne do&nbsp; ewangelizacji parafii<\/li><li>rozpocz\u0105\u0107 w parafii formacj\u0119 wsp\u00f3lnoty ewangelizuj\u0105cej.<\/li><\/ul>\n\n\n\n<p>Szkolenie ewangelizacyjne trwa 9 miesi\u0119cy i rozpoczyna si\u0119 we wrze\u015bniu. Spotkania trwaj\u0105 dwie godziny raz w tygodniu. Program szkolenia obejmuje r\u00f3wnie\u017c kilka weekend\u00f3w.<\/p>\n\n\n\n<p>Kontakt w sprawie szkolenia:<\/p>\n\n\n\n<p>dzieje2@gmail.com<\/p>\n\n\n\n<p>telefon: Gra\u017cyna Will &#8211; 728 338 680<\/p>\n","protected":false},"excerpt":{"rendered":"<p>Prowadzone przez wsp\u00f3lnot\u0119 Dzieje 2 Fundamentaln\u0105 misj\u0105 Ko\u015bcio\u0142a jest wyznawanie osoby Jezusa Chrystusa, kt\u00f3ry jest Dobr\u0105 Nowin\u0105, kt\u00f3ry jest Ewangeli\u0105. Przyczyn\u0105, dla kt\u00f3rej wi\u0119kszo\u015b\u0107 z nas&nbsp; boi si\u0119 realizowa\u0107 swoj\u0105 podstawow\u0105 misj\u0119 ewangelizacji jest to, \u017ce nie jeste\u015bmy zaznajomieni ze sposobami jasnego, zwi\u0119z\u0142ego, \u0142atwego do zrozumienia przedstawiania Ewangelii, Dobrej Nowiny o Jezusie. Potrzebujemy g\u0142\u0119bokiego, osobistego [&hellip;]<\/p>\n","protected":false},"author":3,"featured_media":0,"parent":0,"menu_order":0,"comment_status":"closed","ping_status":"closed","template":"","meta":{"footnotes":""},"publishpress_future_action":{"enabled":false,"date":"1970-01-01 01:00:00","action":"","terms":[],"taxonomy":"","browser_timezone_offset":0},"_links":{"self":[{"href":"https:\/\/swmikolaj.org\/index.php\/wp-json\/wp\/v2\/pages\/3734"}],"collection":[{"href":"https:\/\/swmikolaj.org\/index.php\/wp-json\/wp\/v2\/pages"}],"about":[{"href":"https:\/\/swmikolaj.org\/index.php\/wp-json\/wp\/v2\/types\/page"}],"author":[{"embeddable":true,"href":"https:\/\/swmikolaj.org\/index.php\/wp-json\/wp\/v2\/users\/3"}],"replies":[{"embeddable":true,"href":"https:\/\/swmikolaj.org\/index.php\/wp-json\/wp\/v2\/comments?post=3734"}],"version-history":[{"count":2,"href":"https:\/\/swmikolaj.org\/index.php\/wp-json\/wp\/v2\/pages\/3734\/revisions"}],"predecessor-version":[{"id":36761,"href":"https:\/\/swmikolaj.org\/index.php\/wp-json\/wp\/v2\/pages\/3734\/revisions\/36761"}],"wp:attachment":[{"href":"https:\/\/swmikolaj.org\/index.php\/wp-json\/wp\/v2\/media?parent=3734"}],"curies":[{"name":"wp","href":"https:\/\/api.w.org\/{rel}","templated":true}]}}