{"id":292,"date":"2020-03-04T21:27:23","date_gmt":"2020-03-04T21:27:23","guid":{"rendered":"http:\/\/nowa.swmikolaj.org\/?page_id=292"},"modified":"2020-04-02T14:41:16","modified_gmt":"2020-04-02T14:41:16","slug":"swiadectwa","status":"publish","type":"page","link":"https:\/\/swmikolaj.org\/index.php\/swiadectwa\/","title":{"rendered":"\u015awiadectwa"},"content":{"rendered":"\n<h3 class=\"wp-block-heading\">\u015awiadectwo Justyny<\/h3>\n\n\n\n<p>&nbsp;&nbsp;&nbsp;&nbsp;&nbsp;&nbsp;&nbsp;&nbsp;&nbsp;&nbsp;&nbsp;Po poniedzia\u0142kowej Szkole Modlitwy z o.Szustakiem \u2013 jak si\u0119 modli\u0107 zasypiaj\u0105c, postanowi\u0142am \u201eodrobi\u0107 zadanie domowe\u201d (tym bardziej, \u017ce mam k\u0142opoty ze spaniem, zasypianiem). Ojciec radzi\u0142, \u017ceby zasypia\u0107 powtarzaj\u0105c w my\u015bli zdanie z Pisma \u015awi\u0119tego albo Modlitw\u0119 Jezusow\u0105. Ja ju\u017c jaki\u015b czas temu k\u0142ad\u0105c si\u0119 spa\u0107 pr\u00f3bowa\u0142am \u201eusn\u0105\u0107\u201d z Modlitw\u0105 Jezusow\u0105, ale zawsze \u201ewchodzi\u0142y\u201d w mi\u0119dzyczasie jakie\u015b g\u0142upie my\u015bli, kiedy czas si\u0119 rozci\u0105ga\u0142&#8230;<\/p>\n\n\n\n<p>&nbsp;&nbsp;&nbsp;&nbsp;&nbsp;&nbsp;&nbsp;&nbsp;&nbsp;&nbsp;&nbsp;&nbsp;Ale tym razem postanowi\u0142am postara\u0107 si\u0119 sumiennie wype\u0142ni\u0107 \u201ezadanie domowe\u201d, bez \u017cadnych rozprosze\u0144. Powtarza\u0142am Modlitw\u0119 Jezusow\u0105 do za\u015bni\u0119cia&#8230;<br>&nbsp;&nbsp;&nbsp;&nbsp;&nbsp;&nbsp;&nbsp;&nbsp;&nbsp;&nbsp;&nbsp;&nbsp;A rano, kiedy si\u0119 obudzi\u0142am&#8230; pierwsz\u0105 moj\u0105 \u015bwiadom\u0105 my\u015bl\u0105 by\u0142o: \u201ePanie Jezu Chryste, Synu Bo\u017cy, ulituj si\u0119 nade mn\u0105, grzesznikiem\u201d -s\u0142owa Modlitwy Jezusowej!!! No szok! Czy\u017cby te s\u0142owa brzmia\u0142y mi w umy\u015ble przez ca\u0142\u0105 noc??! Niewiarygodne! Chwa\u0142a Panu!<\/p>\n\n\n\n<h3 class=\"wp-block-heading\">\u015awiadectwo Katarzyny<\/h3>\n\n\n\n<p>Na misje parafialne trafi\u0142am troch\u0119 przez przypadek\u2026 Nie planowa\u0142am w nich uczestniczy\u0107, \u201ebo nie mam czasu codziennie chodzi\u0107 do ko\u015bcio\u0142a\u201d. Jednak pierwszego dnia misji co\u015b mnie pokierowa\u0142o do ko\u015bcio\u0142a, postanowi\u0142am sprawdzi\u0107 jak b\u0119dzie. Teraz wiem, \u017ce to by\u0142o dzia\u0142anie Pana. Pan mnie do Siebie przyprowadzi\u0142\u2026<\/p>\n\n\n\n<p>&nbsp;&nbsp;&nbsp;&nbsp;&nbsp; Zas\u0142ucha\u0142am si\u0119 w s\u0142owo Bo\u017ce i konferencje g\u0142oszone przez ojc\u00f3w Adama i Tomasza. W s\u0142owo Boga skierowane te\u017c bezpo\u015brednio do mnie\u2026 Zdecydowa\u0142am si\u0119 po\u015bwi\u0119ci\u0107 ten tydzie\u0144 refleksji&nbsp; i rozmowom z Panem\u2026 On czeka\u0142 na mnie\u2026<\/p>\n\n\n\n<p>&nbsp;&nbsp;&nbsp;&nbsp; By\u0142am osob\u0105, kt\u00f3ra \u017cy\u0142a w oddaleniu od Boga, wprawdzie katoliczk\u0105, ucz\u0119szczaj\u0105c\u0105 od czasu do czasu do ko\u015bcio\u0142a. Jednak nie by\u0142a to \u017cywa wiara, nie by\u0142am blisko Pana. By\u0142am zagubiona\u2026 W trakcie misji parafialnych poczu\u0142am siln\u0105 potrzeb\u0119 pojednania z Bogiem i zdecydowa\u0142am si\u0119 po d\u0142ugim czasie przyst\u0105pi\u0107 do sakramentu pokuty. Do\u015bwiadczy\u0142am \u0142aski Bo\u017cego mi\u0142osierdzia\u2026<\/p>\n\n\n\n<p>&nbsp;&nbsp;&nbsp;&nbsp; Otworzy\u0142am si\u0119 na do\u015bwiadczenie blisko\u015bci Jezusa, wiem, \u017ce pomimo mojej grzeszno\u015bci On czeka na mnie, got\u00f3w podnie\u015b\u0107 mnie z upadku. Rozmawiam z Nim jak z przyjacielem, rozwa\u017cam Jego s\u0142owo. Chc\u0119 wytrwa\u0107 przy Nim, bo On jest drog\u0105, prawd\u0105 i \u017cyciem\u2026<\/p>\n\n\n\n<p>&nbsp;&nbsp;&nbsp;&nbsp; Jestem wdzi\u0119czna Bogu, za to, \u017ce mog\u0142am uczestniczy\u0107 w tych misjach. Sk\u0142adam te\u017c serdeczne B\u00f3g zap\u0142a\u0107 za pi\u0119kne konferencje ojca Adama Szustaka i Tomasza Nowaka.<\/p>\n\n\n\n<p style=\"text-align:left\">Kasia, 26 l.<\/p>\n\n\n\n<h3 class=\"wp-block-heading\">Czy sta\u0142am si\u0119 \u201eczarn\u0105 per\u0142\u0105\u201d?<\/h3>\n\n\n\n<p>Misje\u2026\u2026\u2026\u2026\u2026.<\/p>\n\n\n\n<p>&nbsp;&nbsp;&nbsp; Gdy dowiedzia\u0142am si\u0119 o ich planowaniu, zastanawia\u0142am si\u0119 do czego mog\u0105 mi si\u0119 przyda\u0107? Przecie\u017c wszystko wiem,&nbsp; ze wszystkim sobie radz\u0119, nie potrzebuj\u0119 \u017cadnych porad, wskaz\u00f3wek itp. Dam sobie rad\u0119 ze wszystkim\u2026\u2026\u2026 No tak, to bajki a jaka rzeczywisto\u015b\u0107?<\/p>\n\n\n\n<p>&nbsp;&nbsp;&nbsp; Po kolejnym kryzysie i rozmowie z ksi\u0119dzem Jackiem posz\u0142am na Misje. Posz\u0142am z nadziej\u0105 czy mo\u017ce z ciekawo\u015bci\u2026\u2026?<\/p>\n\n\n\n<p>&nbsp;&nbsp;&nbsp;&nbsp; Bola\u0142o, oj bola\u0142o!&nbsp;<\/p>\n\n\n\n<p>&nbsp;&nbsp;&nbsp;&nbsp; Zacz\u0119\u0142y do mnie dociera\u0107 wypowiadane przez o. Adama i o. Tomasza s\u0142owa.<\/p>\n\n\n\n<p>&nbsp;&nbsp;&nbsp;&nbsp; Rani\u0142y, przera\u017ca\u0142y sk\u0142ania\u0142y do zastanowienia si\u0119 nad sob\u0105: nad tym co robi\u0142am i co chc\u0119 robi\u0107 dalej. Czy nadal chc\u0119 rani\u0107 innych i siebie, czy nadal moim \u017cyciem b\u0119dzie rz\u0105dzi\u0142 duch k\u0142amstwa, perfekcjonizmu, nienawi\u015bci i chorej ambicji?<\/p>\n\n\n\n<p>&nbsp;&nbsp;&nbsp;&nbsp;&nbsp; Bardzo szybko okaza\u0142o si\u0119, \u017ce zacz\u0119\u0142am patrze\u0107 na siebie zgo\u0142a inaczej ni\u017c dotychczas. Co chwila znajdowa\u0142am u siebie kolejn\u0105&nbsp;&nbsp;u\u0142omno\u015b\u0107, kolejne pok\u0142ady niczym niezm\u0105conej pychy. Dlaczego nie widzia\u0142am tego szybciej i pozwoli\u0142am, \u017ceby moim \u017cyciem zacz\u0119\u0142y rz\u0105dzi\u0107 duchy, kt\u00f3re wykorzystuj\u0105c ka\u017cd\u0105 s\u0142abo\u015b\u0107 i niepewno\u015b\u0107 oplata\u0142y mnie jak bluszcz? Oplata\u0142 moje nogi tak skutecznie, \u017ce porusza\u0142am si\u0119 tylko w jednym kierunku, nie widz\u0105c tego dzieje si\u0119 naoko\u0142o. Kr\u0119ci\u0142am si\u0119 jak nasz misyjny \u201eosio\u0142 na rondzie\u201d. Bola\u0142o i to bardzo!<\/p>\n\n\n\n<p>A dzi\u015b?<\/p>\n\n\n\n<p>&nbsp;&nbsp;&nbsp;&nbsp;&nbsp; Dusza spokojna a strachy, boja\u017anie, nienawi\u015b\u0107 i inne pokr\u0119cone Duchy \u2013 Specjali\u015bci od nie mniej pokr\u0119conych emocji \u2013 znikn\u0119\u0142y!!!!!!!! Kocham i jestem kochana. Ju\u017c nie uk\u0142adam sobie w g\u0142owie chorych scenariuszy. S\u0142ucham innych i wiem, \u017ce jestem wys\u0142uchana. Zrozumia\u0142am ,\u017ce nie jestem od oceniania innych gdy\u017c przes\u0142ania to moje w\u0142asne wady. Nie boj\u0119 si\u0119 jutra, nie boj\u0119 si\u0119 dnia dzisiejszego.<\/p>\n\n\n\n<p>&nbsp;&nbsp;&nbsp; Czy sta\u0142am si\u0119 \u201eczarn\u0105 per\u0142\u0105\u201d?<\/p>\n\n\n\n<p>&nbsp;&nbsp;&nbsp; \u017bycie poka\u017ce. Przede mn\u0105 jeszcze troch\u0119 pracy nad sob\u0105. Jest mi lekko. Jestem na dobrej drodze a napotykane ronda mijam na \u201eswoim osio\u0142ku\u201d bez niepotrzebnych okr\u0105\u017ce\u0144.<\/p>\n\n\n\n<p>&nbsp;&nbsp;&nbsp; B\u00f3g Zap\u0142a\u0107 za wskazanie drogi do zrozumienia samej siebie.&nbsp;&nbsp;Wcze\u015bniej niewiele do mnie dociera\u0142o\u2026.<\/p>\n\n\n\n<p>&nbsp;&nbsp;&nbsp; Prosz\u0119 o modlitw\u0119 w mojej intencji ka\u017cdego, kto przeczyta to co napisa\u0142am<\/p>\n\n\n\n<p>T.M.<\/p>\n\n\n\n<h3 class=\"wp-block-heading\">Rok Jubileuszowy w naszej parafii wci\u0105\u017c trwa!<\/h3>\n\n\n\n<div class=\"wp-block-image\"><figure class=\"alignleft\"><img decoding=\"async\" loading=\"lazy\" width=\"900\" height=\"600\" src=\"http:\/\/swmikolaj.org\/wp-content\/uploads\/2020\/04\/4U1A9492_lr-1.jpg\" alt=\"\" class=\"wp-image-2212\" srcset=\"https:\/\/swmikolaj.org\/wp-content\/uploads\/2020\/04\/4U1A9492_lr-1.jpg 900w, https:\/\/swmikolaj.org\/wp-content\/uploads\/2020\/04\/4U1A9492_lr-1-300x200.jpg 300w, https:\/\/swmikolaj.org\/wp-content\/uploads\/2020\/04\/4U1A9492_lr-1-768x512.jpg 768w, https:\/\/swmikolaj.org\/wp-content\/uploads\/2020\/04\/4U1A9492_lr-1-676x451.jpg 676w\" sizes=\"(max-width: 900px) 100vw, 900px\" \/><\/figure><\/div>\n\n\n\n<p>My\u015bl, aby da\u0107 \u015bwiadectwo owoc\u00f3w, jakie przynios\u0142y w moim \u017cyciu misje parafialne, zrodzi\u0142a si\u0119 we mnie tu\u017c po ich zako\u0144czeniu- jednak jako\u015b nie by\u0142am do tego gotowa. Dopiero teraz, po up\u0142ywie czasu, postanowi\u0142am to zrobi\u0107.<\/p>\n\n\n\n<p>&nbsp;&nbsp;&nbsp; Gdy przeczyta\u0142am list ks. Proboszcza zapowiadaj\u0105cy Rok Jubileuszowy i zwi\u0105zane z nim wydarzenia w \u017cyciu parafii, zrozumia\u0142am, \u017ce wchodzimy wszyscy razem w czas wielkiej \u0142aski, \u017ce dopiero teraz b\u0119dzie si\u0119 dzia\u0142o! I poczu\u0142am si\u0119 osobi\u015bcie zaproszona, aby wzi\u0105\u0107 w tym udzia\u0142 (wymaga\u0142o to sporego przeorganizowania mojej pracy, kt\u00f3ra wi\u0105\u017ce si\u0119 z cz\u0119stymi wyjazdami). Uda\u0142o si\u0119!<\/p>\n\n\n\n<p>&nbsp;&nbsp;&nbsp;&nbsp; Rekolekcje by\u0142y dla mnie do\u015bwiadczeniem g\u0142\u0119bokiego kontaktu ze S\u0142owem Bo\u017cym. Min\u0119\u0142o ju\u017c 10 lat od mojego nawr\u00f3cenia, uczestniczy\u0142am w wielu rekolekcjach- i teraz zobaczy\u0142am, jak bardzo utrwali\u0142y si\u0119 we mnie pewne schematy rozumienia S\u0142owa, podchodz\u0119 do niego tak, jakbym si\u0119 ju\u017c nie spodziewa\u0142a niczego nowego, bez tej \u015bwie\u017co\u015bci i nadziei, kt\u00f3ra mi kiedy\u015b towarzyszy\u0142a. A przecie\u017c to jest \u017bywe S\u0142owo, kt\u00f3re pragnie wci\u0105\u017c na nowo odkrywa\u0107 si\u0119 przede mn\u0105! S\u0142uchaj\u0105c g\u0142oszenia ojc\u00f3w misjonarzy nagle zacz\u0119\u0142am widzie\u0107 niekt\u00f3re wydarzenia mojego \u017cycia w nowym \u015bwietle. Szczeg\u00f3lnie poruszaj\u0105ce by\u0142o dla mnie to, w jaki spos\u00f3b ojciec Nowak powi\u0105za\u0142 gest umywania n\u00f3g z przypowie\u015bci\u0105 o synu marnotrawnym. Odkrycie, \u017ce je\u017celi nie pozwol\u0119 Bogu, aby mnie ubra\u0142 w kr\u00f3lewskie szaty, nie b\u0119d\u0119 mog\u0142a w pe\u0142ni s\u0142u\u017cy\u0107 innym, bo tylko kr\u00f3l nie czuje si\u0119 poni\u017cony, umywaj\u0105c nogi. A moja praca w\u0142a\u015bnie wi\u0105\u017ce si\u0119 ze s\u0142u\u017cb\u0105. Cz\u0119sto trudno jest mi przyj\u0105\u0107, \u017ce B\u00f3g chce mnie wywy\u017cszy\u0107, cho\u0107 wiem jak bardzo mnie kocha, jednak ja sama czuj\u0119 si\u0119 niewa\u017cna i Jego troska zaskakuje mnie. Zobaczy\u0142am w jaki spos\u00f3b to my\u015blenie, \u017ce jestem niewa\u017cna, doprowadza\u0142o do kryzys\u00f3w w mojej pracy, do utraty si\u0142, a nawet choroby. Zafascynowa\u0142o mnie te\u017c, jak r\u00f3\u017cne mog\u0105 by\u0107 klucze do rozumienia S\u0142owa Bo\u017cego- i zapragn\u0119\u0142am sama je odkrywa\u0107. Teraz ( z wielkim trudem i nadziej\u0105) pr\u00f3buj\u0119 czyta\u0107 Pismo \u015awi\u0119te korzystaj\u0105c z metody lectio divina.<\/p>\n\n\n\n<p>&nbsp;&nbsp;&nbsp;&nbsp; Podczas tych rekolekcji tak\u017ce w szczeg\u00f3lny spos\u00f3b do\u015bwiadczy\u0142am Ko\u015bcio\u0142a jako wsp\u00f3lnoty wiernych. Zachwyci\u0142a mnie rzeka ludzi (i samochod\u00f3w J) p\u0142yn\u0105ca w kierunku \u015bwi\u0105tyni na d\u0142ugo przed rozpocz\u0119ciem liturgii. I \u015bwiadomo\u015b\u0107, \u017ce wzywa nas tam i gromadzi sam Chrystus! I wierni, kt\u00f3rzy wype\u0142niali \u015bwi\u0105tyni\u0119 a nawet prezbiterium. To by\u0142 dla mnie taki znak wsp\u00f3lnoty pomi\u0119dzy kap\u0142anami (my\u015bl\u0119 tu o ojcach misjonarzach ale tak\u017ce o naszych parafialnych pasterzach) i wiernymi. Atmosfera radosnego g\u0142oszenia Ewangelii oraz radosnego , cho\u0107 tak\u017ce trudnego i poruszaj\u0105cego do g\u0142\u0119bi serce- s\u0142uchania S\u0142owa. Pozosta\u0142y we mnie obrazy ojc\u00f3w g\u0142osz\u0105cych S\u0142owo, kt\u00f3re, jak napisa\u0142 papie\u017c Franciszek, \u201eporuszy\u0142o ich i sta\u0142o si\u0119 rzeczywisto\u015bci\u0105 w ich konkretnym \u017cyciu\u201d. I twarze zas\u0142uchanych ludzi- tak r\u00f3\u017cnych- m\u0142odych i starszych. Poczucie bezpiecze\u0144stwa i mocy jakie daje wsp\u00f3lnota- \u015bwiadomo\u015b\u0107, \u017ce \u201e(jeste\u015bmy) niby \u017cywe kamienie, budowani jako duchowa \u015bwi\u0105tynia, by stanowi\u0107 \u015bwi\u0119te kap\u0142a\u0144stwo&#8221; (1P, 2, 5). I rozbudzi\u0142y si\u0119 we mnie pragnienia, aby ta wsp\u00f3lnota wci\u0105\u017c wzrasta\u0142a w \u0142asce i mi\u0142o\u015bci- i nadzieja, \u017ce tak si\u0119 stanie! \u017be ja, a tak\u017ce ka\u017cda inna osoba, mo\u017ce bra\u0107 w tym udzia\u0142- bo to my jeste\u015bmy Ko\u015bcio\u0142em! To jest nasza parafia!<\/p>\n\n\n\n<p>&nbsp;&nbsp;&nbsp;&nbsp;&nbsp; Zako\u0144czenie misji- homilia wyg\u0142oszona przez ojc\u00f3w podczas mszy \u015bw. z po\u015bwi\u0119ceniem Krzy\u017ca misyjnego, u\u015bwiadomi\u0142a mi, \u017ce dopiero teraz zaczyna si\u0119 czas, kiedy te rekolekcje wydadz\u0105 swoje owoce- i \u017ce b\u0119dzie to czas walki! Nie musia\u0142am na to d\u0142ugo czeka\u0107, najpierw pojawi\u0142y si\u0119 r\u00f3\u017cne wydarzenia w moim \u017cyciu, kt\u00f3re mnie jako\u015b rozproszy\u0142y, a teraz przyszed\u0142 czas pr\u00f3by dla parafii.<\/p>\n\n\n\n<p>&nbsp;&nbsp;&nbsp; Poczu\u0142am si\u0119 bardzo s\u0142aba, bezsilna, zagubiona, rozczarowana. Pojawi\u0142 si\u0119 l\u0119k, \u017ce dobro, kt\u00f3re przynios\u0142y misje parafialne, mo\u017ce zosta\u0107 zaprzepaszczone. Zastanawia\u0142am si\u0119, czy s\u0142owa ks. Jacka, \u017ce Rok Jubileuszowy to czas szczeg\u00f3lnej \u0142aski w \u017cyciu parafii, wci\u0105\u017c s\u0105 aktualne?<\/p>\n\n\n\n<p>&nbsp;&nbsp;&nbsp; I wtedy, w tym poczuciu mojej s\u0142abo\u015bci, przypomnia\u0142am sobie o Krzy\u017cu misyjnym. Wys\u0142ucha\u0142am nagranie Homilii z soboty (masz \u015bw o godz.10) i uderzy\u0142y mnie s\u0142owa jednego z ojc\u00f3w: Dlatego w \u015brodku parafii stawia si\u0119 Krzy\u017c, \u017ceby pami\u0119ta\u0107, \u017ce nawet gdy b\u0119dzie \u017ale, to nie jest koniec, \u017ce nawet gdy nie da si\u0119 tego naprawi\u0107- to nie jest koniec! \u2013 bo przez ten krzy\u017c idzie si\u0119 do \u017bycia! Przypomnia\u0142am sobie, \u017ce naszym or\u0119\u017cem do walki ze z\u0142em jest Krzy\u017c i \u201esiekiera\u201d pod krzy\u017cem, czyli Maryja. Pojawi\u0142o si\u0119 we mnie pragnienie, \u017ceby teraz, w tym trudnym czasie, modli\u0107 si\u0119 pod Krzy\u017cem misyjnym za parafi\u0119. \u017beby modli\u0107 si\u0119 za po\u015brednictwem Maryi, Matki Bo\u017cej Bolesnej, \u201ePogromczyni bies\u00f3w\u201d. Zrozumia\u0142am, \u017ce wobec jakiegokolwiek gro\u017c\u0105cego nam z\u0142a, mamy pot\u0119\u017cnych obro\u0144c\u00f3w, samego Boga, a tak\u017ce ca\u0142y Ko\u015bci\u00f3\u0142 w niebie.<\/p>\n\n\n\n<p>I us\u0142ysza\u0142am wyrzut Pana: O nierozumna, jak\u017ce nieskore jest twoje serce do wierzenia\u2026<\/p>\n\n\n\n<p>&nbsp;&nbsp;&nbsp;&nbsp;&nbsp; Wierze, \u017ce B\u00f3g poprzez misje parafialne, poprzez prze\u017cyte we wsp\u00f3lnocie Triduum Paschalne, poprzez do\u015bwiadczenie Pi\u0119\u0107dziesi\u0105tnicy, a\u017c do \u015bwi\u0119ta Jezusa Chrystusa, Najwy\u017cszego i Wiecznego Kap\u0142ana- przygotowa\u0142 nas na to, co ma nast\u0105pi\u0107. \u017be da\u0142 nam wszystkie potrzebne \u0142aski, aby przej\u015b\u0107 przez t\u0105 pr\u00f3b\u0119 zwyci\u0119sko. Tylko (jak g\u0142osili ojcowie) trzeba w to uwierzy\u0107 i z tych dar\u00f3w korzysta\u0107.<\/p>\n\n\n\n<p>Rok Jubileuszowy, czas szczeg\u00f3lnej \u0142aski dla parafii- wci\u0105\u017c trwa!<\/p>\n\n\n\n<p>&nbsp;&nbsp;&nbsp;&nbsp;&nbsp; Wierz\u0119, \u017ce wype\u0142ni si\u0119 proroctwo ojca Nowaka, \u017ce nadejdzie czas, gdy przyjdziemy do proboszcza i powiemy, \u017ce trzeba budowa\u0107 wi\u0119kszy ko\u015bci\u00f3\u0142, bo jest nas za du\u017co, bo ludzie si\u0119 modl\u0105, bo \u0142aska si\u0119 rozlewa\u2026<\/p>\n\n\n\n<p>&nbsp;&nbsp;&nbsp;&nbsp;&nbsp; Niech tak si\u0119 stanie! Amen!<\/p>\n\n\n\n<p>Ola, lat 53<\/p>\n","protected":false},"excerpt":{"rendered":"<p>\u015awiadectwo Justyny &nbsp;&nbsp;&nbsp;&nbsp;&nbsp;&nbsp;&nbsp;&nbsp;&nbsp;&nbsp;&nbsp;Po poniedzia\u0142kowej Szkole Modlitwy z o.Szustakiem \u2013 jak si\u0119 modli\u0107 zasypiaj\u0105c, postanowi\u0142am \u201eodrobi\u0107 zadanie domowe\u201d (tym bardziej, \u017ce mam k\u0142opoty ze spaniem, zasypianiem). Ojciec radzi\u0142, \u017ceby zasypia\u0107 powtarzaj\u0105c w my\u015bli zdanie z Pisma \u015awi\u0119tego albo Modlitw\u0119 Jezusow\u0105. Ja ju\u017c jaki\u015b czas temu k\u0142ad\u0105c si\u0119 spa\u0107 pr\u00f3bowa\u0142am \u201eusn\u0105\u0107\u201d z Modlitw\u0105 Jezusow\u0105, ale zawsze \u201ewchodzi\u0142y\u201d [&hellip;]<\/p>\n","protected":false},"author":6,"featured_media":0,"parent":0,"menu_order":0,"comment_status":"closed","ping_status":"closed","template":"","meta":{"footnotes":""},"publishpress_future_action":{"enabled":false,"date":"1970-01-01 01:00:00","action":"","terms":[],"taxonomy":"","browser_timezone_offset":0},"_links":{"self":[{"href":"https:\/\/swmikolaj.org\/index.php\/wp-json\/wp\/v2\/pages\/292"}],"collection":[{"href":"https:\/\/swmikolaj.org\/index.php\/wp-json\/wp\/v2\/pages"}],"about":[{"href":"https:\/\/swmikolaj.org\/index.php\/wp-json\/wp\/v2\/types\/page"}],"author":[{"embeddable":true,"href":"https:\/\/swmikolaj.org\/index.php\/wp-json\/wp\/v2\/users\/6"}],"replies":[{"embeddable":true,"href":"https:\/\/swmikolaj.org\/index.php\/wp-json\/wp\/v2\/comments?post=292"}],"version-history":[{"count":2,"href":"https:\/\/swmikolaj.org\/index.php\/wp-json\/wp\/v2\/pages\/292\/revisions"}],"predecessor-version":[{"id":2215,"href":"https:\/\/swmikolaj.org\/index.php\/wp-json\/wp\/v2\/pages\/292\/revisions\/2215"}],"wp:attachment":[{"href":"https:\/\/swmikolaj.org\/index.php\/wp-json\/wp\/v2\/media?parent=292"}],"curies":[{"name":"wp","href":"https:\/\/api.w.org\/{rel}","templated":true}]}}