{"id":226,"date":"2020-03-04T21:18:41","date_gmt":"2020-03-04T21:18:41","guid":{"rendered":"http:\/\/nowa.swmikolaj.org\/?page_id=226"},"modified":"2026-01-13T15:28:18","modified_gmt":"2026-01-13T14:28:18","slug":"chrzest","status":"publish","type":"page","link":"https:\/\/swmikolaj.org\/index.php\/chrzest\/","title":{"rendered":"Chrzest"},"content":{"rendered":"\n<p>Sakrament Chrztu \u015awi\u0119tego udzielany jest w naszej parafii w drug\u0105 niedziel\u0119 miesi\u0105ca, poza miesi\u0105cami \u015bwi\u0105tecznymi, podczas Mszy \u015awi\u0119tej <br>o godz. 13<sup>00<\/sup>\u00a0(w g\u00f3rnym ko\u015bciele).<\/p>\n\n\n\n<p>Terminy \u015awi\u0105teczne:<\/p>\n\n\n\n<p>6 kwietnia 2026 &#8211; Poniedzia\u0142ek Wielkanocny &#8211; katecheza chrzcielna w \u015brod\u0119, 1 kwietnia<\/p>\n\n\n\n<p>25 grudnia 2026 &#8211; Uroczysto\u015b\u0107 Narodzenia Pa\u0144skiego &#8211; katecheza chrzcielna w \u015brod\u0119, 23 grudnia<\/p>\n\n\n\n<p>Aby ochrzci\u0107 dziecko nale\u017cy przedstawi\u0107 nast\u0119puj\u0105ce dokumenty:<\/p>\n\n\n\n<p>1. Akt urodzenia dziecka.<br>2.&nbsp; Dane rodzic\u00f3w dziecka (tj.: imi\u0119 i nazwisko, imiona rodzic\u00f3w w tym nazwisko panie\u0144skie matki, data i miejsce urodzenia, adres miejsca zamieszkania, data i miejsce zawarcia zwi\u0105zku ma\u0142\u017ce\u0144skiego).<br>3. Dane rodzic\u00f3w chrzestnych dziecka: imi\u0119 i nazwisko, dok\u0142adny adres i dat\u0119 urodzenia. Poza tym chrzestni mieszkaj\u0105cy poza nasz\u0105 parafi\u0105,&nbsp; dostarczaj\u0105 ze swojej&nbsp;<strong>parafii zamieszkania<\/strong>&nbsp;za\u015bwiadczenie stwierdzaj\u0105ce, i\u017c s\u0105 praktykuj\u0105cymi katolikami i mog\u0105 zosta\u0107 rodzicami chrzestnymi (takie za\u015bwiadczenia mog\u0105 przynie\u015b\u0107 do zakrystii tu\u017c przed samym Chrztem).<br>4. Rodzice zobowi\u0105zani s\u0105 do uczestniczenia w katechezie przedchrzcielnej, kt\u00f3ra odbywa si\u0119 w \u015brod\u0119 poprzedzaj\u0105c\u0105 chrzest, w ko\u015bciele, o godzinie 19.15.<\/p>\n","protected":false},"excerpt":{"rendered":"<p>Sakrament Chrztu \u015awi\u0119tego udzielany jest w naszej parafii w drug\u0105 niedziel\u0119 miesi\u0105ca, poza miesi\u0105cami \u015bwi\u0105tecznymi, podczas Mszy \u015awi\u0119tej o godz. 1300\u00a0(w g\u00f3rnym ko\u015bciele). Terminy \u015awi\u0105teczne: 6 kwietnia 2026 &#8211; Poniedzia\u0142ek Wielkanocny &#8211; katecheza chrzcielna w \u015brod\u0119, 1 kwietnia 25 grudnia 2026 &#8211; Uroczysto\u015b\u0107 Narodzenia Pa\u0144skiego &#8211; katecheza chrzcielna w \u015brod\u0119, 23 grudnia Aby ochrzci\u0107 dziecko [&hellip;]<\/p>\n","protected":false},"author":3,"featured_media":0,"parent":0,"menu_order":0,"comment_status":"closed","ping_status":"closed","template":"","meta":{"footnotes":""},"publishpress_future_action":{"enabled":false,"date":"1970-01-01 01:00:00","action":"","terms":[],"taxonomy":"","browser_timezone_offset":0},"_links":{"self":[{"href":"https:\/\/swmikolaj.org\/index.php\/wp-json\/wp\/v2\/pages\/226"}],"collection":[{"href":"https:\/\/swmikolaj.org\/index.php\/wp-json\/wp\/v2\/pages"}],"about":[{"href":"https:\/\/swmikolaj.org\/index.php\/wp-json\/wp\/v2\/types\/page"}],"author":[{"embeddable":true,"href":"https:\/\/swmikolaj.org\/index.php\/wp-json\/wp\/v2\/users\/3"}],"replies":[{"embeddable":true,"href":"https:\/\/swmikolaj.org\/index.php\/wp-json\/wp\/v2\/comments?post=226"}],"version-history":[{"count":26,"href":"https:\/\/swmikolaj.org\/index.php\/wp-json\/wp\/v2\/pages\/226\/revisions"}],"predecessor-version":[{"id":166897,"href":"https:\/\/swmikolaj.org\/index.php\/wp-json\/wp\/v2\/pages\/226\/revisions\/166897"}],"wp:attachment":[{"href":"https:\/\/swmikolaj.org\/index.php\/wp-json\/wp\/v2\/media?parent=226"}],"curies":[{"name":"wp","href":"https:\/\/api.w.org\/{rel}","templated":true}]}}