{"id":168142,"date":"2026-07-25T11:42:50","date_gmt":"2026-07-25T10:42:50","guid":{"rendered":"https:\/\/swmikolaj.org\/?page_id=168142"},"modified":"2026-08-24T10:41:54","modified_gmt":"2026-08-24T09:41:54","slug":"dla-osob-po-stracie","status":"publish","type":"page","link":"https:\/\/swmikolaj.org\/index.php\/dla-osob-po-stracie\/","title":{"rendered":"Dla os\u00f3b po stracie spowodowanej samob\u00f3jstwem"},"content":{"rendered":"\n<p>W lipcu 2026 roku prze\u017cyli\u015bmy pierwsz\u0105 Eucharysti\u0119, na kt\u00f3r\u0105 \u00a0przyszli dotkniecie \u015bmierci\u0105 samob\u00f3jcz\u0105 w swoim \u015brodowisku \u017cycia. Po tej Mszy \u015awi\u0119tej, podczas spotkaniu w kawiarence, kilka os\u00f3b wyrazi\u0142o ch\u0119\u0107 spotykania si\u0119 na modlitwie i dzieleniu. Zapraszamy na spotkania Grupy Wsparcia dla Os\u00f3b po stracie w wyniku \u015bmierci samob\u00f3jczej.\u00a0<\/p>\n<p>Kontakt: ks. Jacek Socha (<a href=\"mailto:jaceksocha2@gmail.com\">jaceksocha2@gmail.com<\/a>)\u00a0<\/p>\n<p><img decoding=\"async\" loading=\"lazy\" class=\"alignnone  wp-image-168358\" src=\"https:\/\/swmikolaj.org\/wp-content\/uploads\/2026\/08\/784394139_1368451265401563_7078352858820315619_n-212x300.jpg\" alt=\"\" width=\"693\" height=\"981\" srcset=\"https:\/\/swmikolaj.org\/wp-content\/uploads\/2026\/08\/784394139_1368451265401563_7078352858820315619_n-212x300.jpg 212w, https:\/\/swmikolaj.org\/wp-content\/uploads\/2026\/08\/784394139_1368451265401563_7078352858820315619_n-724x1024.jpg 724w, https:\/\/swmikolaj.org\/wp-content\/uploads\/2026\/08\/784394139_1368451265401563_7078352858820315619_n-768x1087.jpg 768w, https:\/\/swmikolaj.org\/wp-content\/uploads\/2026\/08\/784394139_1368451265401563_7078352858820315619_n-676x956.jpg 676w, https:\/\/swmikolaj.org\/wp-content\/uploads\/2026\/08\/784394139_1368451265401563_7078352858820315619_n.jpg 1080w\" sizes=\"(max-width: 693px) 100vw, 693px\" \/><\/p>\n","protected":false},"excerpt":{"rendered":"<p>W lipcu 2026 roku prze\u017cyli\u015bmy pierwsz\u0105 Eucharysti\u0119, na kt\u00f3r\u0105 \u00a0przyszli dotkniecie \u015bmierci\u0105 samob\u00f3jcz\u0105 w swoim \u015brodowisku \u017cycia. Po tej Mszy \u015awi\u0119tej, podczas spotkaniu w kawiarence, kilka os\u00f3b wyrazi\u0142o ch\u0119\u0107 spotykania si\u0119 na modlitwie i dzieleniu. Zapraszamy na spotkania Grupy Wsparcia dla Os\u00f3b po stracie w wyniku \u015bmierci samob\u00f3jczej.\u00a0 Kontakt: ks. Jacek Socha (jaceksocha2@gmail.com)\u00a0<\/p>\n","protected":false},"author":2,"featured_media":0,"parent":0,"menu_order":0,"comment_status":"closed","ping_status":"closed","template":"","meta":{"footnotes":""},"publishpress_future_action":{"enabled":false,"date":"1970-01-01 01:00:00","action":"","terms":[],"taxonomy":"","browser_timezone_offset":0},"_links":{"self":[{"href":"https:\/\/swmikolaj.org\/index.php\/wp-json\/wp\/v2\/pages\/168142"}],"collection":[{"href":"https:\/\/swmikolaj.org\/index.php\/wp-json\/wp\/v2\/pages"}],"about":[{"href":"https:\/\/swmikolaj.org\/index.php\/wp-json\/wp\/v2\/types\/page"}],"author":[{"embeddable":true,"href":"https:\/\/swmikolaj.org\/index.php\/wp-json\/wp\/v2\/users\/2"}],"replies":[{"embeddable":true,"href":"https:\/\/swmikolaj.org\/index.php\/wp-json\/wp\/v2\/comments?post=168142"}],"version-history":[{"count":9,"href":"https:\/\/swmikolaj.org\/index.php\/wp-json\/wp\/v2\/pages\/168142\/revisions"}],"predecessor-version":[{"id":168359,"href":"https:\/\/swmikolaj.org\/index.php\/wp-json\/wp\/v2\/pages\/168142\/revisions\/168359"}],"wp:attachment":[{"href":"https:\/\/swmikolaj.org\/index.php\/wp-json\/wp\/v2\/media?parent=168142"}],"curies":[{"name":"wp","href":"https:\/\/api.w.org\/{rel}","templated":true}]}}

Dla osób po stracie spowodowanej samobójstwem

<p>W lipcu 2026 roku przeżyliśmy pierwszą Eucharystię, na którą  przyszli dotkniecie śmiercią samobójczą w swoim środowisku życia. Po tej Mszy Świętej, podczas spotkaniu w kawiarence, kilka osób wyraziło chęć spotykania się na modlitwie i dzieleniu. Zapraszamy na spotkania Grupy Wsparcia dla Osób po stracie w wyniku śmierci samobójczej. </p>
<p>Kontakt: ks. Jacek Socha (<a href="mailto:jaceksocha2@gmail.com">jaceksocha2@gmail.com</a>) </p>
<p><img decoding="async" loading="lazy" class="alignnone  wp-image-168358" src="https://swmikolaj.org/wp-content/uploads/2026/08/784394139_1368451265401563_7078352858820315619_n-212x300.jpg" alt="" width="693" height="981" srcset="https://swmikolaj.org/wp-content/uploads/2026/08/784394139_1368451265401563_7078352858820315619_n-212x300.jpg 212w, https://swmikolaj.org/wp-content/uploads/2026/08/784394139_1368451265401563_7078352858820315619_n-724x1024.jpg 724w, https://swmikolaj.org/wp-content/uploads/2026/08/784394139_1368451265401563_7078352858820315619_n-768x1087.jpg 768w, https://swmikolaj.org/wp-content/uploads/2026/08/784394139_1368451265401563_7078352858820315619_n-676x956.jpg 676w, https://swmikolaj.org/wp-content/uploads/2026/08/784394139_1368451265401563_7078352858820315619_n.jpg 1080w" sizes="(max-width: 693px) 100vw, 693px" /></p>

<p>W lipcu 2026 roku przeżyliśmy pierwszą Eucharystię, na którą  przyszli dotkniecie śmiercią samobójczą w swoim środowisku życia. Po tej Mszy Świętej, podczas spotkaniu w kawiarence, kilka osób wyraziło chęć spotykania się na modlitwie i dzieleniu. Zapraszamy na spotkania Grupy Wsparcia dla Osób po stracie w wyniku śmierci samobójczej.  Kontakt: ks. Jacek Socha (jaceksocha2@gmail.com) </p>
